{"id":11918,"date":"2024-09-01T18:55:02","date_gmt":"2024-09-01T16:55:02","guid":{"rendered":"https:\/\/manys.fr\/?page_id=11918"},"modified":"2024-09-04T18:46:55","modified_gmt":"2024-09-04T16:46:55","slug":"mentions-legales","status":"publish","type":"page","link":"https:\/\/manys.fr\/?page_id=11918","title":{"rendered":"Mentions l\u00e9gales"},"content":{"rendered":"\n<p>Conform\u00e9ment \u00e0 la loi n\u00b0 2004-575 du 21 juin 2004 pour la confiance dans l&rsquo;\u00e9conomie num\u00e9rique (LCEN), nous mettons \u00e0 disposition des utilisateurs de notre site internet les informations suivantes :<\/p>\n\n\n\n<h4 class=\"wp-block-heading\" style=\"font-size:20px\"><strong>\u00c9diteur du site<\/strong><\/h4>\n\n\n\n<p>Le site <a href=\"https:\/\/manys.fr\/\">https:\/\/manys.fr\/<\/a> est \u00e9dit\u00e9 par la soci\u00e9t\u00e9 Many&rsquo;s (SAS), au capital social de 1 000 euros, immatricul\u00e9e au Registre du commerce et des soci\u00e9t\u00e9s sous le n\u00b0 984 472 308 et dont le si\u00e8ge social est situ\u00e9 au 57 avenue Jean Jaur\u00e8s \u00e0 Domont (Siret n\u00b0 984 472 308 00019et TVA intracommunautaire n\u00b0 FR27984472308).<\/p>\n\n\n\n<p>Vous pouvez nous contacter : <\/p>\n\n\n\n<ul class=\"wp-block-list\">\n<li>Par t\u00e9l\u00e9phone : 01.34.07.00.33<\/li>\n\n\n\n<li>Par email : contact@manys.fr<\/li>\n\n\n\n<li>Par courrier : Many&rsquo;s &#8211; 57 avenue Jean Jaur\u00e8s 95330 Domont <\/li>\n<\/ul>\n\n\n\n<h4 class=\"wp-block-heading\" style=\"font-size:20px\"><strong>Responsable de publication\u00a0<\/strong><\/h4>\n\n\n\n<p>Monsieur Alexis FLEURIDAS, Pr\u00e9sident de Many&rsquo;s. <\/p>\n\n\n\n<h4 class=\"wp-block-heading\" style=\"font-size:20px\"><strong>H\u00e9bergement<\/strong><\/h4>\n\n\n\n<p>L\u2019h\u00e9bergement du site est assur\u00e9 par la soci\u00e9t\u00e9 OVH SAS, une filiale de la soci\u00e9t\u00e9 OVH Groupe SAS, soci\u00e9t\u00e9 immatricul\u00e9e au RCS de Lille sous le num\u00e9ro 537 407 926 sise 2, rue Kellermann, 59100 Roubaix.<\/p>\n\n\n\n<h4 class=\"wp-block-heading\" style=\"font-size:20px\"><strong>Propri\u00e9t\u00e9 intellectuelle<\/strong><\/h4>\n\n\n\n<p>L&rsquo;ensemble du contenu du site internet (textes, images, graphismes, logos, vid\u00e9os, etc.) est la propri\u00e9t\u00e9 exclusive de<strong> <\/strong>Many&rsquo;s ou de ses partenaires et est prot\u00e9g\u00e9 par les lois fran\u00e7aises et internationales relatives \u00e0 la propri\u00e9t\u00e9 intellectuelle. Toute reproduction, repr\u00e9sentation, modification, publication, adaptation de tout ou partie des \u00e9l\u00e9ments du site, quel que soit le moyen ou le proc\u00e9d\u00e9 utilis\u00e9, est interdite, sauf autorisation \u00e9crite pr\u00e9alable. <\/p>\n\n\n\n<h4 class=\"wp-block-heading\" style=\"font-size:20px\"><strong>Protection des donn\u00e9es personnelles<\/strong><\/h4>\n\n\n\n<p>Many\u2019s s&rsquo;engage \u00e0 ce que la collecte et le traitement de vos donn\u00e9es, effectu\u00e9s \u00e0 partir du site <a href=\"https:\/\/manys.fr\/\">https:\/\/manys.fr\/<\/a>, soient conformes au R\u00e8glement G\u00e9n\u00e9ral sur la Protection des Donn\u00e9es (RGPD) et \u00e0 la loi Informatique et Libert\u00e9s.<\/p>\n\n\n\n<ul class=\"wp-block-list\">\n<li><strong>Responsable du traitement<\/strong> : Alexis FLEURIDAS<\/li>\n\n\n\n<li><strong>Finalit\u00e9 du traitement<\/strong> : Les donn\u00e9es collect\u00e9es sont utilis\u00e9es exclusivement pour le traitement des r\u00e9servation, des commandes ou pour l&rsquo;envoi de newsletter.<\/li>\n\n\n\n<li><strong>Droit d&rsquo;acc\u00e8s, de rectification et d&rsquo;opposition<\/strong> : Conform\u00e9ment \u00e0 la loi \u00ab\u00a0Informatique et Libert\u00e9s\u00a0\u00bb, vous disposez d&rsquo;un droit d&rsquo;acc\u00e8s, de rectification et de suppression des donn\u00e9es vous concernant. Pour exercer ces droits, veuillez nous contacter \u00e0 l&rsquo;adresse mail contact@manys.fr.<\/li>\n\n\n\n<li><\/li>\n<\/ul>\n\n\n\n<h4 class=\"wp-block-heading\" style=\"font-size:20px\"><strong>Cookies<\/strong><\/h4>\n\n\n\n<p>Le site<strong> Many\u2019s<\/strong> peut \u00eatre amen\u00e9 \u00e0 vous demander l\u2019acceptation des cookies pour des besoins de statistiques et d&rsquo;affichage. Un cookie est une information d\u00e9pos\u00e9e sur votre disque dur par le serveur du site que vous visitez. Il contient plusieurs donn\u00e9es qui sont stock\u00e9es sur votre ordinateur dans un fichier texte auquel un serveur acc\u00e8de pour lire et enregistrer des informations. Vous pouvez choisir d&rsquo;accepter ou de refuser les cookies en modifiant les param\u00e8tres de votre navigateur.<\/p>\n\n\n\n<h4 class=\"wp-block-heading\" style=\"font-size:20px\"><strong>Liens hypertextes<\/strong><\/h4>\n\n\n\n<p>Many&rsquo;s d\u00e9cline toute responsabilit\u00e9 quant \u00e0 l\u2019acc\u00e8s aux informations externes et leurs contenus disponibles depuis les liens hypertextes pr\u00e9sents sur son site.<\/p>\n\n\n\n<h4 class=\"wp-block-heading\" style=\"font-size:20px\"><strong>Modification des mentions l\u00e9gales<\/strong><\/h4>\n\n\n\n<p><strong>Many\u2019s<\/strong> se r\u00e9serve le droit de modifier, \u00e0 tout moment et sans pr\u00e9avis, les pr\u00e9sentes mentions l\u00e9gales, notamment pour se conformer \u00e0 toute \u00e9volution l\u00e9gislative, r\u00e9glementaire, jurisprudentielle ou technique. Les utilisateurs du site sont donc invit\u00e9s \u00e0 les consulter r\u00e9guli\u00e8rement.<\/p>\n","protected":false},"excerpt":{"rendered":"<p>Conform\u00e9ment \u00e0 la loi n\u00b0 2004-575 du 21 juin 2004 pour la confiance dans l&rsquo;\u00e9conomie num\u00e9rique (LCEN), nous mettons \u00e0 disposition des utilisateurs de notre site internet les informations suivantes : \u00c9diteur du site Le site https:\/\/manys.fr\/ est \u00e9dit\u00e9 par la soci\u00e9t\u00e9 Many&rsquo;s (SAS), au capital social de 1 000 euros, immatricul\u00e9e au Registre du [&hellip;]<\/p>\n","protected":false},"author":1,"featured_media":0,"parent":0,"menu_order":0,"comment_status":"closed","ping_status":"closed","template":"","meta":{"footnotes":""},"class_list":["post-11918","page","type-page","status-publish","hentry"],"yoast_head":"<!-- This site is optimized with the Yoast SEO plugin v27.4 - https:\/\/yoast.com\/product\/yoast-seo-wordpress\/ -->\n<title>Mentions l\u00e9gales - Many&#039;s<\/title>\n<meta name=\"robots\" content=\"index, follow, max-snippet:-1, max-image-preview:large, max-video-preview:-1\" \/>\n<link rel=\"canonical\" href=\"https:\/\/manys.fr\/?page_id=11918\" \/>\n<meta property=\"og:locale\" content=\"fr_FR\" \/>\n<meta property=\"og:type\" content=\"article\" \/>\n<meta property=\"og:title\" content=\"Mentions l\u00e9gales - Many&#039;s\" \/>\n<meta property=\"og:description\" content=\"Conform\u00e9ment \u00e0 la loi n\u00b0 2004-575 du 21 juin 2004 pour la confiance dans l&rsquo;\u00e9conomie num\u00e9rique (LCEN), nous mettons \u00e0 disposition des utilisateurs de notre site internet les informations suivantes : \u00c9diteur du site Le site https:\/\/manys.fr\/ est \u00e9dit\u00e9 par la soci\u00e9t\u00e9 Many&rsquo;s (SAS), au capital social de 1 000 euros, immatricul\u00e9e au Registre du [&hellip;]\" \/>\n<meta property=\"og:url\" content=\"https:\/\/manys.fr\/?page_id=11918\" \/>\n<meta property=\"og:site_name\" content=\"Many&#039;s\" \/>\n<meta property=\"article:modified_time\" content=\"2024-09-04T16:46:55+00:00\" \/>\n<meta name=\"twitter:card\" content=\"summary_large_image\" \/>\n<meta name=\"twitter:label1\" content=\"Dur\u00e9e de lecture estim\u00e9e\" \/>\n\t<meta name=\"twitter:data1\" content=\"3 minutes\" \/>\n<script type=\"application\/ld+json\" class=\"yoast-schema-graph\">{\"@context\":\"https:\\\/\\\/schema.org\",\"@graph\":[{\"@type\":\"WebPage\",\"@id\":\"https:\\\/\\\/manys.fr\\\/?page_id=11918\",\"url\":\"https:\\\/\\\/manys.fr\\\/?page_id=11918\",\"name\":\"Mentions l\u00e9gales - Many&#039;s\",\"isPartOf\":{\"@id\":\"https:\\\/\\\/manys.fr\\\/#website\"},\"datePublished\":\"2024-09-01T16:55:02+00:00\",\"dateModified\":\"2024-09-04T16:46:55+00:00\",\"breadcrumb\":{\"@id\":\"https:\\\/\\\/manys.fr\\\/?page_id=11918#breadcrumb\"},\"inLanguage\":\"fr-FR\",\"potentialAction\":[{\"@type\":\"ReadAction\",\"target\":[\"https:\\\/\\\/manys.fr\\\/?page_id=11918\"]}]},{\"@type\":\"BreadcrumbList\",\"@id\":\"https:\\\/\\\/manys.fr\\\/?page_id=11918#breadcrumb\",\"itemListElement\":[{\"@type\":\"ListItem\",\"position\":1,\"name\":\"Accueil\",\"item\":\"https:\\\/\\\/manys.fr\\\/\"},{\"@type\":\"ListItem\",\"position\":2,\"name\":\"Mentions l\u00e9gales\"}]},{\"@type\":\"WebSite\",\"@id\":\"https:\\\/\\\/manys.fr\\\/#website\",\"url\":\"https:\\\/\\\/manys.fr\\\/\",\"name\":\"Manys\",\"description\":\"\",\"publisher\":{\"@id\":\"https:\\\/\\\/manys.fr\\\/#organization\"},\"potentialAction\":[{\"@type\":\"SearchAction\",\"target\":{\"@type\":\"EntryPoint\",\"urlTemplate\":\"https:\\\/\\\/manys.fr\\\/?s={search_term_string}\"},\"query-input\":{\"@type\":\"PropertyValueSpecification\",\"valueRequired\":true,\"valueName\":\"search_term_string\"}}],\"inLanguage\":\"fr-FR\"},{\"@type\":\"Organization\",\"@id\":\"https:\\\/\\\/manys.fr\\\/#organization\",\"name\":\"Many's\",\"url\":\"https:\\\/\\\/manys.fr\\\/\",\"logo\":{\"@type\":\"ImageObject\",\"inLanguage\":\"fr-FR\",\"@id\":\"https:\\\/\\\/manys.fr\\\/#\\\/schema\\\/logo\\\/image\\\/\",\"url\":\"http:\\\/\\\/manys.fr\\\/wp-content\\\/uploads\\\/2024\\\/04\\\/Logo-couleur.png\",\"contentUrl\":\"http:\\\/\\\/manys.fr\\\/wp-content\\\/uploads\\\/2024\\\/04\\\/Logo-couleur.png\",\"width\":2331,\"height\":769,\"caption\":\"Many's\"},\"image\":{\"@id\":\"https:\\\/\\\/manys.fr\\\/#\\\/schema\\\/logo\\\/image\\\/\"}}]}<\/script>\n<!-- \/ Yoast SEO plugin. -->","yoast_head_json":{"title":"Mentions l\u00e9gales - Many&#039;s","robots":{"index":"index","follow":"follow","max-snippet":"max-snippet:-1","max-image-preview":"max-image-preview:large","max-video-preview":"max-video-preview:-1"},"canonical":"https:\/\/manys.fr\/?page_id=11918","og_locale":"fr_FR","og_type":"article","og_title":"Mentions l\u00e9gales - Many&#039;s","og_description":"Conform\u00e9ment \u00e0 la loi n\u00b0 2004-575 du 21 juin 2004 pour la confiance dans l&rsquo;\u00e9conomie num\u00e9rique (LCEN), nous mettons \u00e0 disposition des utilisateurs de notre site internet les informations suivantes : \u00c9diteur du site Le site https:\/\/manys.fr\/ est \u00e9dit\u00e9 par la soci\u00e9t\u00e9 Many&rsquo;s (SAS), au capital social de 1 000 euros, immatricul\u00e9e au Registre du [&hellip;]","og_url":"https:\/\/manys.fr\/?page_id=11918","og_site_name":"Many&#039;s","article_modified_time":"2024-09-04T16:46:55+00:00","twitter_card":"summary_large_image","twitter_misc":{"Dur\u00e9e de lecture estim\u00e9e":"3 minutes"},"schema":{"@context":"https:\/\/schema.org","@graph":[{"@type":"WebPage","@id":"https:\/\/manys.fr\/?page_id=11918","url":"https:\/\/manys.fr\/?page_id=11918","name":"Mentions l\u00e9gales - Many&#039;s","isPartOf":{"@id":"https:\/\/manys.fr\/#website"},"datePublished":"2024-09-01T16:55:02+00:00","dateModified":"2024-09-04T16:46:55+00:00","breadcrumb":{"@id":"https:\/\/manys.fr\/?page_id=11918#breadcrumb"},"inLanguage":"fr-FR","potentialAction":[{"@type":"ReadAction","target":["https:\/\/manys.fr\/?page_id=11918"]}]},{"@type":"BreadcrumbList","@id":"https:\/\/manys.fr\/?page_id=11918#breadcrumb","itemListElement":[{"@type":"ListItem","position":1,"name":"Accueil","item":"https:\/\/manys.fr\/"},{"@type":"ListItem","position":2,"name":"Mentions l\u00e9gales"}]},{"@type":"WebSite","@id":"https:\/\/manys.fr\/#website","url":"https:\/\/manys.fr\/","name":"Manys","description":"","publisher":{"@id":"https:\/\/manys.fr\/#organization"},"potentialAction":[{"@type":"SearchAction","target":{"@type":"EntryPoint","urlTemplate":"https:\/\/manys.fr\/?s={search_term_string}"},"query-input":{"@type":"PropertyValueSpecification","valueRequired":true,"valueName":"search_term_string"}}],"inLanguage":"fr-FR"},{"@type":"Organization","@id":"https:\/\/manys.fr\/#organization","name":"Many's","url":"https:\/\/manys.fr\/","logo":{"@type":"ImageObject","inLanguage":"fr-FR","@id":"https:\/\/manys.fr\/#\/schema\/logo\/image\/","url":"http:\/\/manys.fr\/wp-content\/uploads\/2024\/04\/Logo-couleur.png","contentUrl":"http:\/\/manys.fr\/wp-content\/uploads\/2024\/04\/Logo-couleur.png","width":2331,"height":769,"caption":"Many's"},"image":{"@id":"https:\/\/manys.fr\/#\/schema\/logo\/image\/"}}]}},"_links":{"self":[{"href":"https:\/\/manys.fr\/index.php?rest_route=\/wp\/v2\/pages\/11918","targetHints":{"allow":["GET"]}}],"collection":[{"href":"https:\/\/manys.fr\/index.php?rest_route=\/wp\/v2\/pages"}],"about":[{"href":"https:\/\/manys.fr\/index.php?rest_route=\/wp\/v2\/types\/page"}],"author":[{"embeddable":true,"href":"https:\/\/manys.fr\/index.php?rest_route=\/wp\/v2\/users\/1"}],"replies":[{"embeddable":true,"href":"https:\/\/manys.fr\/index.php?rest_route=%2Fwp%2Fv2%2Fcomments&post=11918"}],"version-history":[{"count":6,"href":"https:\/\/manys.fr\/index.php?rest_route=\/wp\/v2\/pages\/11918\/revisions"}],"predecessor-version":[{"id":11982,"href":"https:\/\/manys.fr\/index.php?rest_route=\/wp\/v2\/pages\/11918\/revisions\/11982"}],"wp:attachment":[{"href":"https:\/\/manys.fr\/index.php?rest_route=%2Fwp%2Fv2%2Fmedia&parent=11918"}],"curies":[{"name":"wp","href":"https:\/\/api.w.org\/{rel}","templated":true}]}}